{"id":648,"date":"2022-02-25T12:35:49","date_gmt":"2022-02-25T12:35:49","guid":{"rendered":"https:\/\/www.narraajan.fi\/?page_id=648"},"modified":"2025-07-31T09:01:49","modified_gmt":"2025-07-31T09:01:49","slug":"pentuja","status":"publish","type":"page","link":"https:\/\/www.narraajan.fi\/index.php\/pentuja\/","title":{"rendered":"Pentuja"},"content":{"rendered":"\t\t<div data-elementor-type=\"wp-page\" data-elementor-id=\"648\" class=\"elementor elementor-648\">\n\t\t\t\t\t\t<section class=\"elementor-section elementor-top-section elementor-element elementor-element-15d6d9d elementor-section-boxed elementor-section-height-default elementor-section-height-default\" data-id=\"15d6d9d\" data-element_type=\"section\" data-e-type=\"section\">\n\t\t\t\t\t\t<div class=\"elementor-container elementor-column-gap-default\">\n\t\t\t\t\t<div class=\"elementor-column elementor-col-25 elementor-top-column elementor-element elementor-element-e5184cc\" data-id=\"e5184cc\" data-element_type=\"column\" data-e-type=\"column\">\n\t\t\t<div class=\"elementor-widget-wrap elementor-element-populated\">\n\t\t\t\t\t\t<div class=\"elementor-element elementor-element-fecf041 elementor-widget elementor-widget-image\" data-id=\"fecf041\" data-element_type=\"widget\" data-e-type=\"widget\" data-widget_type=\"image.default\">\n\t\t\t\t<div class=\"elementor-widget-container\">\n\t\t\t\t\t\t\t\t\t\t\t\t\t\t\t<img fetchpriority=\"high\" decoding=\"async\" width=\"1024\" height=\"768\" src=\"https:\/\/www.narraajan.fi\/wp-content\/uploads\/2025\/04\/IMG_8722-1024x768.jpg\" class=\"attachment-large size-large wp-image-3168\" alt=\"\" srcset=\"https:\/\/www.narraajan.fi\/wp-content\/uploads\/2025\/04\/IMG_8722-1024x768.jpg 1024w, https:\/\/www.narraajan.fi\/wp-content\/uploads\/2025\/04\/IMG_8722-300x225.jpg 300w, https:\/\/www.narraajan.fi\/wp-content\/uploads\/2025\/04\/IMG_8722-768x576.jpg 768w, https:\/\/www.narraajan.fi\/wp-content\/uploads\/2025\/04\/IMG_8722-1536x1152.jpg 1536w, https:\/\/www.narraajan.fi\/wp-content\/uploads\/2025\/04\/IMG_8722-2048x1536.jpg 2048w\" sizes=\"(max-width: 1024px) 100vw, 1024px\" \/>\t\t\t\t\t\t\t\t\t\t\t\t\t\t\t<\/div>\n\t\t\t\t<\/div>\n\t\t\t\t\t<\/div>\n\t\t<\/div>\n\t\t\t\t<div class=\"elementor-column elementor-col-25 elementor-top-column elementor-element elementor-element-4c39b75\" data-id=\"4c39b75\" data-element_type=\"column\" data-e-type=\"column\">\n\t\t\t<div class=\"elementor-widget-wrap elementor-element-populated\">\n\t\t\t\t\t\t<div class=\"elementor-element elementor-element-d2bd123 elementor-widget elementor-widget-image\" data-id=\"d2bd123\" data-element_type=\"widget\" data-e-type=\"widget\" data-widget_type=\"image.default\">\n\t\t\t\t<div class=\"elementor-widget-container\">\n\t\t\t\t\t\t\t\t\t\t\t\t\t\t\t<img decoding=\"async\" width=\"1024\" height=\"768\" src=\"https:\/\/www.narraajan.fi\/wp-content\/uploads\/2025\/04\/IMG_8923-1024x768.jpg\" class=\"attachment-large size-large wp-image-3169\" alt=\"\" srcset=\"https:\/\/www.narraajan.fi\/wp-content\/uploads\/2025\/04\/IMG_8923-1024x768.jpg 1024w, https:\/\/www.narraajan.fi\/wp-content\/uploads\/2025\/04\/IMG_8923-300x225.jpg 300w, https:\/\/www.narraajan.fi\/wp-content\/uploads\/2025\/04\/IMG_8923-768x576.jpg 768w, https:\/\/www.narraajan.fi\/wp-content\/uploads\/2025\/04\/IMG_8923-1536x1152.jpg 1536w, https:\/\/www.narraajan.fi\/wp-content\/uploads\/2025\/04\/IMG_8923-2048x1536.jpg 2048w\" sizes=\"(max-width: 1024px) 100vw, 1024px\" \/>\t\t\t\t\t\t\t\t\t\t\t\t\t\t\t<\/div>\n\t\t\t\t<\/div>\n\t\t\t\t\t<\/div>\n\t\t<\/div>\n\t\t\t\t<div class=\"elementor-column elementor-col-25 elementor-top-column elementor-element elementor-element-f95f990\" data-id=\"f95f990\" data-element_type=\"column\" data-e-type=\"column\">\n\t\t\t<div class=\"elementor-widget-wrap elementor-element-populated\">\n\t\t\t\t\t\t<div class=\"elementor-element elementor-element-6efa1f1 elementor-widget elementor-widget-image\" data-id=\"6efa1f1\" data-element_type=\"widget\" data-e-type=\"widget\" data-widget_type=\"image.default\">\n\t\t\t\t<div class=\"elementor-widget-container\">\n\t\t\t\t\t\t\t\t\t\t\t\t\t\t\t<img decoding=\"async\" width=\"1024\" height=\"768\" src=\"https:\/\/www.narraajan.fi\/wp-content\/uploads\/2025\/04\/IMG_8827-1024x768.jpg\" class=\"attachment-large size-large wp-image-3170\" alt=\"\" srcset=\"https:\/\/www.narraajan.fi\/wp-content\/uploads\/2025\/04\/IMG_8827-1024x768.jpg 1024w, https:\/\/www.narraajan.fi\/wp-content\/uploads\/2025\/04\/IMG_8827-300x225.jpg 300w, https:\/\/www.narraajan.fi\/wp-content\/uploads\/2025\/04\/IMG_8827-768x576.jpg 768w, https:\/\/www.narraajan.fi\/wp-content\/uploads\/2025\/04\/IMG_8827-1536x1152.jpg 1536w, https:\/\/www.narraajan.fi\/wp-content\/uploads\/2025\/04\/IMG_8827-2048x1536.jpg 2048w\" sizes=\"(max-width: 1024px) 100vw, 1024px\" \/>\t\t\t\t\t\t\t\t\t\t\t\t\t\t\t<\/div>\n\t\t\t\t<\/div>\n\t\t\t\t\t<\/div>\n\t\t<\/div>\n\t\t\t\t<div class=\"elementor-column elementor-col-25 elementor-top-column elementor-element elementor-element-0fe83ae\" data-id=\"0fe83ae\" data-element_type=\"column\" data-e-type=\"column\">\n\t\t\t<div class=\"elementor-widget-wrap elementor-element-populated\">\n\t\t\t\t\t\t<div class=\"elementor-element elementor-element-d93278e elementor-widget elementor-widget-image\" data-id=\"d93278e\" data-element_type=\"widget\" data-e-type=\"widget\" data-widget_type=\"image.default\">\n\t\t\t\t<div class=\"elementor-widget-container\">\n\t\t\t\t\t\t\t\t\t\t\t\t\t\t\t<img loading=\"lazy\" decoding=\"async\" width=\"1024\" height=\"820\" src=\"https:\/\/www.narraajan.fi\/wp-content\/uploads\/2025\/04\/756304d4-1574-4d58-9978-3cb2feb329cd-1-1024x820.jpg\" class=\"attachment-large size-large wp-image-3165\" alt=\"\" srcset=\"https:\/\/www.narraajan.fi\/wp-content\/uploads\/2025\/04\/756304d4-1574-4d58-9978-3cb2feb329cd-1-1024x820.jpg 1024w, https:\/\/www.narraajan.fi\/wp-content\/uploads\/2025\/04\/756304d4-1574-4d58-9978-3cb2feb329cd-1-300x240.jpg 300w, https:\/\/www.narraajan.fi\/wp-content\/uploads\/2025\/04\/756304d4-1574-4d58-9978-3cb2feb329cd-1-768x615.jpg 768w, https:\/\/www.narraajan.fi\/wp-content\/uploads\/2025\/04\/756304d4-1574-4d58-9978-3cb2feb329cd-1-1536x1230.jpg 1536w, https:\/\/www.narraajan.fi\/wp-content\/uploads\/2025\/04\/756304d4-1574-4d58-9978-3cb2feb329cd-1.jpg 1599w\" sizes=\"(max-width: 1024px) 100vw, 1024px\" \/>\t\t\t\t\t\t\t\t\t\t\t\t\t\t\t<\/div>\n\t\t\t\t<\/div>\n\t\t\t\t\t<\/div>\n\t\t<\/div>\n\t\t\t\t\t<\/div>\n\t\t<\/section>\n\t\t\t\t<section class=\"elementor-section elementor-top-section elementor-element elementor-element-9e91a62 elementor-section-boxed elementor-section-height-default elementor-section-height-default\" data-id=\"9e91a62\" data-element_type=\"section\" data-e-type=\"section\">\n\t\t\t\t\t\t<div class=\"elementor-container elementor-column-gap-default\">\n\t\t\t\t\t<div class=\"elementor-column elementor-col-100 elementor-top-column elementor-element elementor-element-492ff3a\" data-id=\"492ff3a\" data-element_type=\"column\" data-e-type=\"column\">\n\t\t\t<div class=\"elementor-widget-wrap elementor-element-populated\">\n\t\t\t\t\t\t<div class=\"elementor-element elementor-element-74469a0 elementor-widget elementor-widget-spacer\" data-id=\"74469a0\" data-element_type=\"widget\" data-e-type=\"widget\" data-widget_type=\"spacer.default\">\n\t\t\t\t<div class=\"elementor-widget-container\">\n\t\t\t\t\t\t\t<div class=\"elementor-spacer\">\n\t\t\t<div class=\"elementor-spacer-inner\"><\/div>\n\t\t<\/div>\n\t\t\t\t\t\t<\/div>\n\t\t\t\t<\/div>\n\t\t\t\t\t<\/div>\n\t\t<\/div>\n\t\t\t\t\t<\/div>\n\t\t<\/section>\n\t\t\t\t<section class=\"elementor-section elementor-top-section elementor-element elementor-element-44a9fc9 elementor-section-boxed elementor-section-height-default elementor-section-height-default\" data-id=\"44a9fc9\" data-element_type=\"section\" data-e-type=\"section\">\n\t\t\t\t\t\t<div class=\"elementor-container elementor-column-gap-default\">\n\t\t\t\t\t<div class=\"elementor-column elementor-col-100 elementor-top-column elementor-element elementor-element-4149842\" data-id=\"4149842\" data-element_type=\"column\" data-e-type=\"column\">\n\t\t\t<div class=\"elementor-widget-wrap elementor-element-populated\">\n\t\t\t\t\t\t<div class=\"elementor-element elementor-element-baf12ed elementor-widget elementor-widget-text-editor\" data-id=\"baf12ed\" data-element_type=\"widget\" data-e-type=\"widget\" data-widget_type=\"text-editor.default\">\n\t\t\t\t<div class=\"elementor-widget-container\">\n\t\t\t\t\t\t\t\t\t<h4 style=\"text-align: center;\"><span style=\"color: #993300;\"><em><strong>Ei suunnitteilla pentuja t\u00e4ll\u00e4 hetkell\u00e4.<\/strong><\/em><\/span><\/h4>\t\t\t\t\t\t\t\t<\/div>\n\t\t\t\t<\/div>\n\t\t\t\t\t<\/div>\n\t\t<\/div>\n\t\t\t\t\t<\/div>\n\t\t<\/section>\n\t\t\t\t<section class=\"elementor-section elementor-top-section elementor-element elementor-element-5518cfd elementor-section-boxed elementor-section-height-default elementor-section-height-default\" data-id=\"5518cfd\" data-element_type=\"section\" data-e-type=\"section\">\n\t\t\t\t\t\t<div class=\"elementor-container elementor-column-gap-default\">\n\t\t\t\t\t<div class=\"elementor-column elementor-col-100 elementor-top-column elementor-element elementor-element-c74fbd4\" data-id=\"c74fbd4\" data-element_type=\"column\" data-e-type=\"column\">\n\t\t\t<div class=\"elementor-widget-wrap elementor-element-populated\">\n\t\t\t\t\t\t<div class=\"elementor-element elementor-element-629d7cd elementor-widget elementor-widget-spacer\" data-id=\"629d7cd\" data-element_type=\"widget\" data-e-type=\"widget\" data-widget_type=\"spacer.default\">\n\t\t\t\t<div class=\"elementor-widget-container\">\n\t\t\t\t\t\t\t<div class=\"elementor-spacer\">\n\t\t\t<div class=\"elementor-spacer-inner\"><\/div>\n\t\t<\/div>\n\t\t\t\t\t\t<\/div>\n\t\t\t\t<\/div>\n\t\t\t\t<div class=\"elementor-element elementor-element-139b3fc elementor-widget elementor-widget-image\" data-id=\"139b3fc\" data-element_type=\"widget\" data-e-type=\"widget\" data-widget_type=\"image.default\">\n\t\t\t\t<div class=\"elementor-widget-container\">\n\t\t\t\t\t\t\t\t\t\t\t\t\t\t\t<img loading=\"lazy\" decoding=\"async\" width=\"1024\" height=\"438\" src=\"https:\/\/www.narraajan.fi\/wp-content\/uploads\/2025\/04\/a858dd4c-84aa-4860-93f0-2d4d61a17cfc-1024x438.jpg\" class=\"attachment-large size-large wp-image-3166\" alt=\"\" srcset=\"https:\/\/www.narraajan.fi\/wp-content\/uploads\/2025\/04\/a858dd4c-84aa-4860-93f0-2d4d61a17cfc-1024x438.jpg 1024w, https:\/\/www.narraajan.fi\/wp-content\/uploads\/2025\/04\/a858dd4c-84aa-4860-93f0-2d4d61a17cfc-300x128.jpg 300w, https:\/\/www.narraajan.fi\/wp-content\/uploads\/2025\/04\/a858dd4c-84aa-4860-93f0-2d4d61a17cfc-768x328.jpg 768w, https:\/\/www.narraajan.fi\/wp-content\/uploads\/2025\/04\/a858dd4c-84aa-4860-93f0-2d4d61a17cfc-1536x657.jpg 1536w, https:\/\/www.narraajan.fi\/wp-content\/uploads\/2025\/04\/a858dd4c-84aa-4860-93f0-2d4d61a17cfc.jpg 1600w\" sizes=\"(max-width: 1024px) 100vw, 1024px\" \/>\t\t\t\t\t\t\t\t\t\t\t\t\t\t\t<\/div>\n\t\t\t\t<\/div>\n\t\t\t\t\t<\/div>\n\t\t<\/div>\n\t\t\t\t\t<\/div>\n\t\t<\/section>\n\t\t\t\t<section class=\"elementor-section elementor-top-section elementor-element elementor-element-a62b968 elementor-section-boxed elementor-section-height-default elementor-section-height-default\" data-id=\"a62b968\" data-element_type=\"section\" data-e-type=\"section\">\n\t\t\t\t\t\t<div class=\"elementor-container elementor-column-gap-default\">\n\t\t\t\t\t<div class=\"elementor-column elementor-col-100 elementor-top-column elementor-element elementor-element-05cb120\" data-id=\"05cb120\" data-element_type=\"column\" data-e-type=\"column\">\n\t\t\t<div class=\"elementor-widget-wrap elementor-element-populated\">\n\t\t\t\t\t\t<div class=\"elementor-element elementor-element-233e2fd elementor-widget elementor-widget-image\" data-id=\"233e2fd\" data-element_type=\"widget\" data-e-type=\"widget\" data-widget_type=\"image.default\">\n\t\t\t\t<div class=\"elementor-widget-container\">\n\t\t\t\t\t\t\t\t\t\t\t\t<figure class=\"wp-caption\">\n\t\t\t\t\t\t\t\t\t\t<img loading=\"lazy\" decoding=\"async\" width=\"768\" height=\"492\" src=\"https:\/\/www.narraajan.fi\/wp-content\/uploads\/2022\/02\/pennut_vaahtera_uusi_toinen4-768x492.jpg\" class=\"attachment-medium_large size-medium_large wp-image-650\" alt=\"\" srcset=\"https:\/\/www.narraajan.fi\/wp-content\/uploads\/2022\/02\/pennut_vaahtera_uusi_toinen4-768x492.jpg 768w, https:\/\/www.narraajan.fi\/wp-content\/uploads\/2022\/02\/pennut_vaahtera_uusi_toinen4-300x192.jpg 300w, https:\/\/www.narraajan.fi\/wp-content\/uploads\/2022\/02\/pennut_vaahtera_uusi_toinen4-1024x656.jpg 1024w, https:\/\/www.narraajan.fi\/wp-content\/uploads\/2022\/02\/pennut_vaahtera_uusi_toinen4-1536x984.jpg 1536w, https:\/\/www.narraajan.fi\/wp-content\/uploads\/2022\/02\/pennut_vaahtera_uusi_toinen4-2048x1312.jpg 2048w\" sizes=\"(max-width: 768px) 100vw, 768px\" \/>\t\t\t\t\t\t\t\t\t\t\t<figcaption class=\"widget-image-caption wp-caption-text\">Narraajan P-pentue vuonna 2021<\/figcaption>\n\t\t\t\t\t\t\t\t\t\t<\/figure>\n\t\t\t\t\t\t\t\t\t<\/div>\n\t\t\t\t<\/div>\n\t\t\t\t\t<\/div>\n\t\t<\/div>\n\t\t\t\t\t<\/div>\n\t\t<\/section>\n\t\t\t\t<\/div>\n\t\t","protected":false},"excerpt":{"rendered":"<p>Ei suunnitteilla pentuja t\u00e4ll\u00e4 hetkell\u00e4. Narraajan P-pentue vuonna 2021<\/p>\n","protected":false},"author":1,"featured_media":0,"parent":0,"menu_order":5,"comment_status":"closed","ping_status":"closed","template":"","meta":{"footnotes":""},"class_list":["post-648","page","type-page","status-publish"],"yoast_head":"<!-- This site is optimized with the Yoast SEO plugin v27.3 - https:\/\/yoast.com\/product\/yoast-seo-wordpress\/ -->\n<title>Pentuja - Narraajan<\/title>\n<meta name=\"robots\" content=\"index, follow, max-snippet:-1, max-image-preview:large, max-video-preview:-1\" \/>\n<link rel=\"canonical\" href=\"https:\/\/www.narraajan.fi\/index.php\/pentuja\/\" \/>\n<meta property=\"og:locale\" content=\"fi_FI\" \/>\n<meta property=\"og:type\" content=\"article\" \/>\n<meta property=\"og:title\" content=\"Pentuja - Narraajan\" \/>\n<meta property=\"og:description\" content=\"Ei suunnitteilla pentuja t\u00e4ll\u00e4 hetkell\u00e4. Narraajan P-pentue vuonna 2021\" \/>\n<meta property=\"og:url\" content=\"https:\/\/www.narraajan.fi\/index.php\/pentuja\/\" \/>\n<meta property=\"og:site_name\" content=\"Narraajan\" \/>\n<meta property=\"article:publisher\" content=\"https:\/\/www.facebook.com\/Narraajan\" \/>\n<meta property=\"article:modified_time\" content=\"2025-07-31T09:01:49+00:00\" \/>\n<meta property=\"og:image\" content=\"https:\/\/www.narraajan.fi\/wp-content\/uploads\/2025\/04\/IMG_8722-scaled.jpg\" \/>\n\t<meta property=\"og:image:width\" content=\"2560\" \/>\n\t<meta property=\"og:image:height\" content=\"1920\" \/>\n\t<meta property=\"og:image:type\" content=\"image\/jpeg\" \/>\n<meta name=\"twitter:card\" content=\"summary_large_image\" \/>\n<meta name=\"twitter:label1\" content=\"Arvioitu lukuaika\" \/>\n\t<meta name=\"twitter:data1\" content=\"2 minuuttia\" \/>\n<script type=\"application\/ld+json\" class=\"yoast-schema-graph\">{\"@context\":\"https:\\\/\\\/schema.org\",\"@graph\":[{\"@type\":\"WebPage\",\"@id\":\"https:\\\/\\\/www.narraajan.fi\\\/index.php\\\/pentuja\\\/\",\"url\":\"https:\\\/\\\/www.narraajan.fi\\\/index.php\\\/pentuja\\\/\",\"name\":\"Pentuja - Narraajan\",\"isPartOf\":{\"@id\":\"https:\\\/\\\/www.narraajan.fi\\\/#website\"},\"primaryImageOfPage\":{\"@id\":\"https:\\\/\\\/www.narraajan.fi\\\/index.php\\\/pentuja\\\/#primaryimage\"},\"image\":{\"@id\":\"https:\\\/\\\/www.narraajan.fi\\\/index.php\\\/pentuja\\\/#primaryimage\"},\"thumbnailUrl\":\"https:\\\/\\\/www.narraajan.fi\\\/wp-content\\\/uploads\\\/2025\\\/04\\\/IMG_8722-1024x768.jpg\",\"datePublished\":\"2022-02-25T12:35:49+00:00\",\"dateModified\":\"2025-07-31T09:01:49+00:00\",\"breadcrumb\":{\"@id\":\"https:\\\/\\\/www.narraajan.fi\\\/index.php\\\/pentuja\\\/#breadcrumb\"},\"inLanguage\":\"fi\",\"potentialAction\":[{\"@type\":\"ReadAction\",\"target\":[\"https:\\\/\\\/www.narraajan.fi\\\/index.php\\\/pentuja\\\/\"]}]},{\"@type\":\"ImageObject\",\"inLanguage\":\"fi\",\"@id\":\"https:\\\/\\\/www.narraajan.fi\\\/index.php\\\/pentuja\\\/#primaryimage\",\"url\":\"https:\\\/\\\/www.narraajan.fi\\\/wp-content\\\/uploads\\\/2025\\\/04\\\/IMG_8722-scaled.jpg\",\"contentUrl\":\"https:\\\/\\\/www.narraajan.fi\\\/wp-content\\\/uploads\\\/2025\\\/04\\\/IMG_8722-scaled.jpg\",\"width\":2560,\"height\":1920},{\"@type\":\"BreadcrumbList\",\"@id\":\"https:\\\/\\\/www.narraajan.fi\\\/index.php\\\/pentuja\\\/#breadcrumb\",\"itemListElement\":[{\"@type\":\"ListItem\",\"position\":1,\"name\":\"Etusivu\",\"item\":\"https:\\\/\\\/www.narraajan.fi\\\/\"},{\"@type\":\"ListItem\",\"position\":2,\"name\":\"Pentuja\"}]},{\"@type\":\"WebSite\",\"@id\":\"https:\\\/\\\/www.narraajan.fi\\\/#website\",\"url\":\"https:\\\/\\\/www.narraajan.fi\\\/\",\"name\":\"Narraajan\",\"description\":\"\",\"potentialAction\":[{\"@type\":\"SearchAction\",\"target\":{\"@type\":\"EntryPoint\",\"urlTemplate\":\"https:\\\/\\\/www.narraajan.fi\\\/?s={search_term_string}\"},\"query-input\":{\"@type\":\"PropertyValueSpecification\",\"valueRequired\":true,\"valueName\":\"search_term_string\"}}],\"inLanguage\":\"fi\"}]}<\/script>\n<!-- \/ Yoast SEO plugin. -->","yoast_head_json":{"title":"Pentuja - Narraajan","robots":{"index":"index","follow":"follow","max-snippet":"max-snippet:-1","max-image-preview":"max-image-preview:large","max-video-preview":"max-video-preview:-1"},"canonical":"https:\/\/www.narraajan.fi\/index.php\/pentuja\/","og_locale":"fi_FI","og_type":"article","og_title":"Pentuja - Narraajan","og_description":"Ei suunnitteilla pentuja t\u00e4ll\u00e4 hetkell\u00e4. Narraajan P-pentue vuonna 2021","og_url":"https:\/\/www.narraajan.fi\/index.php\/pentuja\/","og_site_name":"Narraajan","article_publisher":"https:\/\/www.facebook.com\/Narraajan","article_modified_time":"2025-07-31T09:01:49+00:00","og_image":[{"width":2560,"height":1920,"url":"https:\/\/www.narraajan.fi\/wp-content\/uploads\/2025\/04\/IMG_8722-scaled.jpg","type":"image\/jpeg"}],"twitter_card":"summary_large_image","twitter_misc":{"Arvioitu lukuaika":"2 minuuttia"},"schema":{"@context":"https:\/\/schema.org","@graph":[{"@type":"WebPage","@id":"https:\/\/www.narraajan.fi\/index.php\/pentuja\/","url":"https:\/\/www.narraajan.fi\/index.php\/pentuja\/","name":"Pentuja - Narraajan","isPartOf":{"@id":"https:\/\/www.narraajan.fi\/#website"},"primaryImageOfPage":{"@id":"https:\/\/www.narraajan.fi\/index.php\/pentuja\/#primaryimage"},"image":{"@id":"https:\/\/www.narraajan.fi\/index.php\/pentuja\/#primaryimage"},"thumbnailUrl":"https:\/\/www.narraajan.fi\/wp-content\/uploads\/2025\/04\/IMG_8722-1024x768.jpg","datePublished":"2022-02-25T12:35:49+00:00","dateModified":"2025-07-31T09:01:49+00:00","breadcrumb":{"@id":"https:\/\/www.narraajan.fi\/index.php\/pentuja\/#breadcrumb"},"inLanguage":"fi","potentialAction":[{"@type":"ReadAction","target":["https:\/\/www.narraajan.fi\/index.php\/pentuja\/"]}]},{"@type":"ImageObject","inLanguage":"fi","@id":"https:\/\/www.narraajan.fi\/index.php\/pentuja\/#primaryimage","url":"https:\/\/www.narraajan.fi\/wp-content\/uploads\/2025\/04\/IMG_8722-scaled.jpg","contentUrl":"https:\/\/www.narraajan.fi\/wp-content\/uploads\/2025\/04\/IMG_8722-scaled.jpg","width":2560,"height":1920},{"@type":"BreadcrumbList","@id":"https:\/\/www.narraajan.fi\/index.php\/pentuja\/#breadcrumb","itemListElement":[{"@type":"ListItem","position":1,"name":"Etusivu","item":"https:\/\/www.narraajan.fi\/"},{"@type":"ListItem","position":2,"name":"Pentuja"}]},{"@type":"WebSite","@id":"https:\/\/www.narraajan.fi\/#website","url":"https:\/\/www.narraajan.fi\/","name":"Narraajan","description":"","potentialAction":[{"@type":"SearchAction","target":{"@type":"EntryPoint","urlTemplate":"https:\/\/www.narraajan.fi\/?s={search_term_string}"},"query-input":{"@type":"PropertyValueSpecification","valueRequired":true,"valueName":"search_term_string"}}],"inLanguage":"fi"}]}},"_links":{"self":[{"href":"https:\/\/www.narraajan.fi\/index.php\/wp-json\/wp\/v2\/pages\/648","targetHints":{"allow":["GET"]}}],"collection":[{"href":"https:\/\/www.narraajan.fi\/index.php\/wp-json\/wp\/v2\/pages"}],"about":[{"href":"https:\/\/www.narraajan.fi\/index.php\/wp-json\/wp\/v2\/types\/page"}],"author":[{"embeddable":true,"href":"https:\/\/www.narraajan.fi\/index.php\/wp-json\/wp\/v2\/users\/1"}],"replies":[{"embeddable":true,"href":"https:\/\/www.narraajan.fi\/index.php\/wp-json\/wp\/v2\/comments?post=648"}],"version-history":[{"count":77,"href":"https:\/\/www.narraajan.fi\/index.php\/wp-json\/wp\/v2\/pages\/648\/revisions"}],"predecessor-version":[{"id":3622,"href":"https:\/\/www.narraajan.fi\/index.php\/wp-json\/wp\/v2\/pages\/648\/revisions\/3622"}],"wp:attachment":[{"href":"https:\/\/www.narraajan.fi\/index.php\/wp-json\/wp\/v2\/media?parent=648"}],"curies":[{"name":"wp","href":"https:\/\/api.w.org\/{rel}","templated":true}]}}